 divided by f?
12
Suppose 3*u - 7*u = -64. Suppose x = 4*b + 62, -3*b = -2 + 14. Calculate the remainder when x is divided by u.
14
Let x(j) be the third derivative of j**2 - 1/6*j**3 + 1/6*j**4 + 0*j - 1/60*j**5 + 0. Calculate the remainder when 4 is divided by x(2).
1
Let j = -20 + 43. What is the remainder when 65 is divided by j?
19
Let f = -4 - 0. Let h = 0 - f. Calculate the remainder when 13 is divided by h.
1
Let p be ((-9)/(-18))/((-2)/(-32)). Suppose -c = v - 26, v - p = c - 42. Calculate the remainder when c is divided by 11.
8
Let j(z) = z**2 - 5*z - 3. Let w(m) = 2*m - 2. Let h be w(4). Let a = 5 - 0. Calculate the remainder when a is divided by j(h).
2
Suppose 3*b = 24 + 27. Calculate the remainder when b is divided by 7.
3
Suppose -29 - 16 = -3*b. Suppose 4*f = 162 + 10. Calculate the remainder when f is divided by b.
13
Suppose 0 = -0*w - 7*w + 168. What is the remainder when w is divided by 13?
11
Let f(c) = -c**3 + 4*c**2 + 5*c + 5. Calculate the remainder when 19 is divided by f(5).
4
Suppose 4*x - 8 = 2*x. Suppose 0 = o + 5*b + 1, 82 = -o + x*o - 2*b. What is the remainder when o is divided by 9?
6
Let i = 31 - 11. Calculate the remainder when 79 is divided by i.
19
Let r(f) = 6*f**2 - f - 2. Let i(o) = o - 7*o**2 + 1 + 0*o + 2. Let z(n) = 3*i(n) + 4*r(n). Calculate the remainder when 20 is divided by z(2).
9
Suppose -4 = -4*p + 3*p. Suppose 4*x - 25 = -3*c, 2*x = 2*c + c + 17. Calculate the remainder when x is divided by p.
3
Suppose 0 = -2*b - b + 12. Suppose 3*j - j = -48. Let o = 34 + j. What is the remainder when o is divided by b?
2
Let s(d) = -d**2 + 7*d - 3. Calculate the remainder when 24 is divided by s(4).
6
Suppose 0 = -4*i + 65 - 21. What is the remainder when 41 is divided by i?
8
Suppose -q = 2*q - 45. Suppose i - q = 2*o + 12, -4 = -4*o. Suppose 0*w = -2*w + 32. What is the remainder when i is divided by w?
13
Let t = -6 - -11. Let h = 13 - t. What is the remainder when 47 is divided by (3*2)/(3/h)?
15
Let a be 6 + 3 + 2*-3. Suppose -2*y = 2*p - 7 - 15, 2*p - 37 = -a*y. What is the remainder when 58 is divided by y?
13
Suppose t - 4*t - 4*b = -35, 0 = -2*t + 5*b - 15. Suppose -2*x + 6*x = -3*v + 39, -t*x = -v - 63. Calculate the remainder when x is divided by 8.
4
Let y be 24*((-1)/(-1))/(-2). Let d(l) be the second derivative of l**4/12 + 11*l**3/6 + 3*l**2/2 + 7*l. Calculate the remainder when 43 is divided by d(y).
13
Let a be -3 + (2 + 0 - -7). Suppose -h - 20 = -a*h. Let f = -25 - -36. What is the remainder when f is divided by h?
3
Suppose -2*k + 66 - 12 = 0. What is the remainder when k is divided by 8?
3
Let y(o) = 27*o**2 - 1. What is the remainder when y(-1) is divided by 9?
8
Suppose -5*g = 5*l - 30, g + 0*l - l - 10 = 0. Calculate the remainder when 104/(-64)*-2*(4 + 0) is divided by g.
5
Suppose 15*r + 50 = 20*r. Calculate the remainder when 57 is divided by r.
7
Suppose -4*n = 5*i - 57, -3*i + 5*n + 49 = -0*i. What is the remainder when i is divided by 7?
6
Suppose 4*d + h - 12 = 132, 5*d + 5*h - 180 = 0. Let t = -15 + d. What is the remainder when t is divided by 11?
10
Let s = 58 - 12. Calculate the remainder when s is divided by 16.
14
Suppose -3*i + 2*z = -8*i + 51, 0 = -2*i - 3*z + 27. Suppose 3*r - 2*u - i = -3*u, 5*u - 9 = 3*r. Calculate the remainder when 4 is divided by r.
0
Let t = 1 + -1. Suppose -o + t + 12 = 0. Suppose -k = -5*x + 176, 37 = 2*x + 4*k - 29. What is the remainder when x is divided by o?
11
Suppose -5*w + 46 = -19. Calculate the remainder when w is divided by 9.
4
Let w be (1/2 - 0)*12. Suppose 4 - w = c. Let d(o) = 7*o**2 - o + 1. What is the remainder when d(c) is divided by 8?
7
What is the remainder when 105 is divided by 108/18*(-3*2)/(-1)?
33
Suppose i - 6*i = -70. What is the remainder when 27 is divided by i?
13
Suppose -3*m = r - 4*r - 24, -2*m = -r - 14. Calculate the remainder when 14 is divided by 4/6 + 26/m.
4
Let d(c) = -8*c - 1. Suppose 5*p - 2*r - 31 - 49 = 0, 4*p + 3*r - 64 = 0. What is the remainder when d(-4) is divided by p?
15
Suppose -5*a - 2*g - 401 = -1061, 3*g - 528 = -4*a. Suppose -2*z = -4*d + a, 0*d - 2*z = -3*d + 100. What is the remainder when d is divided by 11?
10
Suppose -3*n + 60 = -n. What is the remainder when ((-27)/(-6))/(6/116) is divided by n?
27
Let l = -115 + 217. Suppose 67 = 2*b + 5*w, -92 = -0*b - 4*b + 4*w. What is the remainder when l is divided by b?
24
Let l = -20 - -35. Suppose -5*a - 19 = -d, -2*d + 26 = 3*d - 2*a. What is the remainder when l is divided by d?
3
Let f = -3 - -62. Calculate the remainder when f is divided by 30.
29
Let p = -71 + 91. Let u = 6 - 2. Suppose 0 = 3*k - k - 5*q - 4, 24 = u*k - 2*q. What is the remainder when p is divided by k?
6
Suppose k = 5*a - 2 - 10, 4*a + 4*k = 0. Suppose a*p = 5*l - 57, p - 3*p = -l + 13. Calculate the remainder when 21 is divided by l.
10
Let b(q) = -4*q + 5*q - 7 + 0 + q. What is the remainder when b(10) is divided by 3?
1
Let k(b) be the first derivative of -5*b**2/2 - 4*b + 2. Calculate the remainder when 32 is divided by k(-3).
10
Suppose -125 = 10*l - 705. Suppose -2*d + 18 = -4*a - 0, 0 = -4*d - 5*a + 75. What is the remainder when l is divided by d?
13
Let z(r) = r + 6. Let h = 8 - 2. Suppose 4*v = -5*n + 78, 76 = 3*v - 5*n - 0*n. Calculate the remainder when v is divided by z(h).
10
Suppose 0 = 3*k - 9, -15 = 2*t - 2*k + k. What is the remainder when 51 is divided by 1/t - 395/(-30)?
12
Let v be (-2)/(-4)*(1 - -1). Let s = v - -10. Suppose -3*a + 44 = -4*c, 48 = 2*a - 0*c + 2*c. What is the remainder when a is divided by s?
9
Suppose w - 9 = -2. Calculate the remainder when 30 is divided by w.
2
Suppose 4 = -2*u + o, o - 4 + 0 = 3*u. Let v = 4 - u. Suppose -v*g + 0*g + 184 = 0. Calculate the remainder when g is divided by 16.
14
Let m = 44 - 15. What is the remainder when 55 is divided by m?
26
Let k = -16 + 78. Calculate the remainder when k is divided by 16.
14
Let j = 120 - 112. Calculate the remainder when 37 is divided by j.
5
Suppose -3*d + 10 + 5 = 0. Suppose 16 = d*u - 29. Suppose -4*h + u = -3. Calculate the remainder when 7 is divided by h.
1
Suppose 235 = 5*q - 2*p, p + p = 0. Suppose -82 = -3*d + q. Calculate the remainder when d is divided by 11.
10
Let t(o) be the second derivative of 1/2*o**3 - o + 2*o**2 + 0. Calculate the remainder when 36 is divided by t(5).
17
Let n = -5 + 7. Let w(c) = -4*c**2 - 7 + 4*c**2 + n*c**2 + 3*c. What is the remainder when w(5) is divided by 20?
18
Let h be 2/6 + 10/6. Let l = 5 - h. Suppose -l*c + 17 = -22. Calculate the remainder when c is divided by 5.
3
Suppose 23*f = 19*f + 152. Calculate the remainder when f is divided by 20.
18
Let c = 21 - 15. Let n = c - 0. Suppose 4*z - 5*t - 15 = -z, 2*t = -z + n. What is the remainder when 6 is divided by z?
2
Let k = 35 + -27. Calculate the remainder when 20 is divided by k.
4
Let v be -2 + 4/2 - -5. Suppose -4*t + 3*l = t - 18, v*l + 5 = 0. What is the remainder when 80/(-15)*(-3)/2 is divided by t?
2
Suppose -3*t = 4*a - 0*a - 46, 0 = a - t - 8. Let m be -2 + 6 + -2 - 3. Calculate the remainder when a is divided by m*(-4)/(0 - -1).
2
Let y = -5 + -7. Calculate the remainder when 35 is divided by (0/(-1))/1 - y.
11
Suppose 4*c + 5*k - 13 = -0*k, 0 = 2*c - 3*k - 1. Suppose 0 = -2*r - c*r + 4. Suppose 13 + r = u. What is the remainder when 27 is divided by u?
13
Calculate the remainder when 108 is divided by 5/(-10)*-36 - -4.
20
Suppose -20 = -3*l + 13. Suppose -4*f + 0*f = -4*q - 68, f + 5*q = 35. What is the remainder when f is divided by l?
9
Let r(w) = -w**3 - w**2 - w + 94. What is the remainder when r(0) is divided by 24?
22
Let o(b) = b**2 - 7*b + 6. Let a be o(6). Suppose 0 = -5*g - 10, a = -v - 0*v + 5*g + 40. What is the remainder when v is divided by 8?
6
Suppose 4*g - 5*h - 262 = 0, g - 242 = -3*g - 5*h. Calculate the remainder when g is divided by 13.
11
Suppose -2*c = w - 16, -4*c - 78 = -w - 2*w. Calculate the remainder when w is divided by 6.
4
Suppose 2*t - 17 = -f - 0*f, 15 = 2*t + 3*f. What is the remainder when 34 is divided by t?
7
Suppose y - 2 = 4. Suppose 10 = -5*o - 0. Calculate the remainder when 9 is divided by ((-3)/y)/(o/20).
4
Suppose -3*z = -3*t - 26 - 4, -t + 38 = 5*z. What is the remainder when (78/(-15))/(4/(-10)) is divided by z?